156, -5*q = -2*w - 164. Let n(u) = u**2 + 14*u - 8. Let h be n(-15). Suppose -h*r = -q - 24. List the prime factors of r.
2
What are the prime factors of 660848/72 - 2/(-30)*420/(-63)?
2, 13, 353
Let c = -44 + 51. Suppose 4*p = -h + 15, c*p + 22 = h + 4*p. Suppose -3*y + h + 68 = 0. What are the prime factors of y?
29
What are the prime factors of (-19316275)/(-1375) + (-28)/(-10)?
14051
Let o(t) = -15*t - 54. Let s be o(-16). What are the prime factors of (21/14 + -1)*s?
3, 31
Suppose -14228 = -6*k - 380. What are the prime factors of k?
2, 577
Suppose -4*w = -0*k - k - 807, -5*w - 1549 = 2*k. List the prime factors of (k/5)/((-11)/55).
787
What are the prime factors of ((-3622)/10)/(18/(-90)) - (-7 - -5)?
7, 37
Let g(v) = -5*v**2 + 4*v + 9. Let f(p) = -3*p**2 + 2*p + 4. Let l(q) = -7*f(q) + 4*g(q). What are the prime factors of l(19)?
11, 37
Let a = -7282 + 17868. List the prime factors of a.
2, 67, 79
Let x(a) = a**3 - 11*a**2 - 145*a + 313. What are the prime factors of x(30)?
13063
Let m(j) = 2*j**2 - 2*j - 21. Let r be m(4). Suppose r*u + 3*n = -u + 461, -3*u = -n - 336. List the prime factors of u.
113
Suppose 42 = 8*p + 2. Suppose p*c + 1967 = 4*h - 0*c, -3*h = c - 1499. List the prime factors of h.
2, 3, 83
Suppose -5*m - 19 = 2*a, a - 6*a = m - 10. Suppose p = -p, x - a = p. Suppose 474 = 5*f - x*h, -h + 0*h + 482 = 5*f. What are the prime factors of f?
2, 3
Suppose -t = p - 131, -p = -2*t + t + 127. Let k = t + -263. List the prime factors of k*((-21)/18 - 4/(-24)).
2, 67
List the prime factors of 1794 + -2 + (29 - -191)/22.
2, 17, 53
Let n(g) = -468*g - 17. What are the prime factors of n(-10)?
4663
Let f = 52 - 76. Let u be (0 + 35)*f/15. Let p = u - -106. What are the prime factors of p?
2, 5
Let r = -954 - -617. Let u = r + 744. What are the prime factors of u?
11, 37
Suppose -369 = -0*p + p - 3*z, 1446 = -4*p + 2*z. Let m = p - -223. Let c = m + 310. List the prime factors of c.
173
Let r(i) = 3*i**2 - 2*i - 10. Let x = 74 + -39. Let m = x - 30. List the prime factors of r(m).
5, 11
Let s = 52 - 43. Suppose 0 = 13*g - s*g + 8. What are the prime factors of 35 - (-4 + 5) - g?
2, 3
Suppose 94 = -12*r + 598. Suppose 18 = 4*c - r. Let v(p) = -p**3 + 14*p**2 + 23*p - 12. What are the prime factors of v(c)?
2, 3
Let d(a) = -a + 9. Let k be d(7). Let m(h) = -32 - h**k - 18 + 32*h - 28. List the prime factors of m(19).
13
Suppose 28*g + 930 = 3450. List the prime factors of 1200/g*((1 - 1) + 78).
2, 5, 13
Let t(d) = 2*d**2 + 92*d + 8. Let z be t(-46). Suppose -3*j = -468 - 540. Suppose 10*f - j = z*f. List the prime factors of f.
2, 3, 7
Suppose 2 + 6 = 2*p, -l + 5*p + 3829 = 0. Suppose 5*u - 2747 = -2*v + l, -1322 = -u + v. Suppose -2*i + 12*i - u = 0. What are the prime factors of i?
2, 3, 11
Let i = 217 + 1115. What are the prime factors of 7*(i/42 - -6)?
2, 3, 11
Let h(x) = x. Let k be h(-1). Let i(d) be the second derivative of -49*d**5/20 - d**4/12 - d**3/3 - d**2 - 1226*d. List the prime factors of i(k).
2, 3
Suppose -6 = 10*b - 7*b. Let z be 537/(-9)*-10 - b/(-3). Suppose -10*s + 6*s + z = 0. List the prime factors of s.
149
Let d(x) = 339*x**2 + 350*x + 3472. What are the prime factors of d(-10)?
2, 29, 73
What are the prime factors of ((-713893)/(-29) + -13)/(1 + (-1)/(-3))?
3, 6151
Suppose x - 100 = -3*z, -30*x + 144 = 4*z - 34*x. List the prime factors of z/(-68)*(-6652)/2.
1663
Let r = 155 + -27. Let a(l) = l**3 - 9*l**2 + 5. Let v be a(8). Let d = v + r. What are the prime factors of d?
3, 23
Suppose -5*s + 5*c + 55 = 0, 5*s + c = -2*c + 95. Suppose 5*n - 6 = -s. List the prime factors of ((-6)/(-18))/(n/(-594)).
3, 11
Suppose 9*o - 113 + 743 = 0. Let s = 74 + o. Suppose -384 = -4*u + 5*l, 186 = s*u - l - 214. List the prime factors of u.
101
Let b = -7905 + 8447. List the prime factors of b.
2, 271
Suppose o = 2*o - 3435. Suppose 2424 + o = 7*l. Suppose -5*s + l = 2*a, -a + 2 = 1. List the prime factors of s.
167
Let s(p) = 44247*p**2 - 77*p + 77. List the prime factors of s(1).
3, 7, 43
Suppose 4*j - 35*s - 79854 = -37*s, 3*s - 79849 = -4*j. What are the prime factors of j?
2, 67, 149
Let y(v) = v**3 - 10*v**2 + 5*v - 2. Let f be y(6). Let g = f + 116. Suppose 3*k - k - 428 = g. List the prime factors of k.
2, 107
Let x be ((-1)/(-5))/(63/15435). Suppose -31605 = -x*d - 1617. What are the prime factors of d?
2, 3, 17
Let d be (3 - (-321)/6)*16/8. Let n = d - 81. List the prime factors of n.
2
Let j = -5854 - -13309. What are the prime factors of j?
3, 5, 7, 71
Suppose -4*x - 40 = -296. Suppose 0 = 9*o - 7*o + x. Let v = o + 59. What are the prime factors of v?
3
Let y be 54/(0 - (3 + -5))*47. Suppose -y = -5*p - 3*u + 337, -2*u = 6. What are the prime factors of p?
17, 19
Let b = -32 - -42. Let m be b + -9 - -18*5. Let y = 16 + m. What are the prime factors of y?
107
Let x be 7 + -2 + (-1 - -3). Let d = x + -9. Let p(b) = -9*b**3 - 4*b**2 - 4*b - 3. What are the prime factors of p(d)?
61
Let x = -7294 - -13537. List the prime factors of x.
3, 2081
Suppose -d - 9195 = -v + 10919, 3*d - 100618 = -5*v. List the prime factors of v.
2, 5, 503
Let v(j) = j**3 - 3*j + 50. Let r be v(0). Suppose -51*c = -r*c - 2. What are the prime factors of 1332/14 + (-4)/(c - -26)?
5, 19
Suppose -10*h = 70 - 190. What are the prime factors of (-7)/(-28) + 12057/h?
3, 5, 67
Let k(g) = -4*g**3 - 109*g**2 - 47*g + 75. List the prime factors of k(-29).
5, 293
Let g = 223273 - 158676. What are the prime factors of g?
13, 4969
Let g be (-9)/(-12)*4 + 18. Let f = -15 + g. Suppose -2*o + 0*o = -f. What are the prime factors of o?
3
Let b = -37 + 40. Suppose -r + b*h = -109, -r - 5*h = r - 185. Let p = -31 + r. List the prime factors of p.
3, 23
Suppose -5*b = -3*d + 7850 + 29799, 0 = 5*d - 5*b - 62755. List the prime factors of d.
12553
Suppose 2*o - 3*o = 3*y - 14150, -y = 3*o - 42426. List the prime factors of o.
79, 179
Let i(j) = 7*j - 3*j - 4 + 4 - 4. Let y be i(2). Suppose y*f = f + 231. List the prime factors of f.
7, 11
Suppose -4*w + 2968 = -3*s, 0 = -4*w + 8*s - 3*s + 2976. Suppose 0 = 6*c - w - 257. What are the prime factors of c?
2, 83
Let h(x) = 44*x + 8157. List the prime factors of h(0).
3, 2719
Let f be 3/(-12) - (-88389)/36. Suppose 0 = -3*t + 5*w + f, -586 = -t + 4*w + 237. What are the prime factors of t?
5, 163
Suppose -7*t + 11*t - 2600 = 0. Suppose 2*m + t = 15*n - 13*n, 4*m + 1622 = 5*n. What are the prime factors of n?
2, 7, 23
Let l be 6*17*(6 + 0 - 4). What are the prime factors of (l - (-3)/(-1))/(9/12)?
2, 67
Let l = -125 - -127. Suppose l*i = 2*j - 2348, 7*j - 5*i = 3*j + 4692. List the prime factors of j.
2, 19, 31
Let p(y) = -2*y**2 - 26*y + 38. Let l be p(-10). Suppose -l*w - 6890 = -108*w. What are the prime factors of w?
13, 53
Let m = -31 - -26. Suppose 40 + 17 = -q. Let y = m - q. What are the prime factors of y?
2, 13
Let t = 15 - 13. Let z be (-9)/(-3) + (t - 3). Let b(s) = 22*s + 6. List the prime factors of b(z).
2, 5
Let a = 52 + -61. Let w = 19 + a. Let i(k) = k**3 - 11*k**2 + 19*k - 7. What are the prime factors of i(w)?
83
Let d(i) = 8960*i + 185. What are the prime factors of d(4)?
5, 11, 131
Let s(b) = -b**2 - 29*b - 51. Let x be s(-2). Suppose -x*m + 2392 = 5*v, -62*v + 61*v = m - 800. List the prime factors of m.
2, 3, 67
Let s = 3139 + -466. What are the prime factors of s?
3, 11
Let b(p) = 16*p**3 - p**2 - 3*p - 1. Let l(r) = -15*r**3 + r**2 + 3*r. Let z(k) = -3*b(k) - 4*l(k). Let a = 99 - 98. List the prime factors of z(a).
11
Let k(w) = 471*w**2 + w + 1. Suppose 12*j + 2 + 10 = 0. List the prime factors of k(j).
3, 157
Let s(w) = -4*w + 1 + 19 + 0*w + 0*w. Let m be (-10 - 6 - 0) + (-4)/1. List the prime factors of s(m).
2, 5
Suppose 7*k - 1500331 = -72*k + 12*k. What are the prime factors of k?
7, 457
Let s(q) be the second derivative of q**4/12 + q**3/2 - 19*q**2/2 + 58*q. Let y = 40 - 34. What are the prime factors of s(y)?
5, 7
Let m = 16419 - -36666. What are the prime factors of m?
3, 5, 3539
Let c(k) = k**2 + 15*k + 26. Let l be c(-13). Suppose l = 50*y - 35*y - 2220. What are the prime factors of y?
2, 37
Let y be 36/(-12) + 9/1*-4. Let m be 20/6 - (-13)/y. Suppose 4*n + 212 = t + 3*t, m*t + n - 163 = 0. What are the prime factors of t?
2, 3
Let t be (1 - -47) + 30 + -29. Suppose -43*c